t y = -98 + t. Is (-3678)/(-22) - (-12)/y composite?
False
Suppose 2*n - 10714 = n - 3*c, 5*n = -c + 53528. Is n a composite number?
True
Let g(n) = -2*n - 5. Let u be g(-4). Suppose -2*x - 9 = -u. Is x/(-7) + 764/14 a prime number?
False
Suppose -24 = -f - 20. Suppose -f*a = 5*a - 8937. Is a prime?
False
Let u(d) = -d**3 - 19*d**2 + 43. Let j be u(-19). Let t be (-269)/(-3) + (-1)/(-3). Let q = t - j. Is q prime?
True
Let p(i) = -i**3 + 9*i**2 + 2*i - 12. Let f be p(9). Suppose 0 = -f*t - 253 + 5371. Is t a prime number?
True
Let f = 17 - 12. Let x(d) be the third derivative of 23*d**4/24 + 2*d**3 + 16*d**2. Is x(f) prime?
True
Let o(j) = -134*j + 77. Is o(-30) prime?
False
Suppose 0 = -3*p - 3*c + 22674, -4*p = -5*p + 5*c + 7576. Is p a composite number?
False
Let s be (-10)/1 - (-3 - -2). Is (-2 - (-3 - s/6))*-1658 a prime number?
True
Let d = -4080 - -21351. Is 4/(-10) - d/(-15) composite?
False
Let b(v) = -v**3 + 20*v**2 + 17*v - 9. Let s be b(18). Suppose s + 3282 = 3*p. Is p a prime number?
True
Let c be 8*(21/6)/7. Suppose 3*i - 190 = 2*i - 3*n, -4*i - 5*n = -767. Suppose -3*w = c*k - i, 2*w = w + 4*k + 75. Is w prime?
True
Let x(l) = 170*l**2 + 22*l - 195. Is x(18) a prime number?
False
Let f(a) = 88*a**2 + 17*a + 5. Is f(4) a composite number?
False
Let m(t) = -11*t**3 + t**2 - t - 1. Let z be m(-1). Suppose -z*u = -u - 23309. Is u a prime number?
False
Suppose -2*l + 92 = 5*d + 10, 45 = 3*d - 3*l. Let b be 64/10 - d/40. Suppose -b*w + 2*w = -184. Is w composite?
True
Suppose -6898 = -8*c + 12670. Is c a prime number?
False
Suppose -67583 = -10*c - 9*c. Is c a prime number?
True
Let n be (-2)/7 + (-7)/(98/(-13976)). Is n/((-4)/(-2)) + -2 a composite number?
True
Suppose -111*x + 95*x + 42064 = 0. Is x a prime number?
False
Suppose x - 23953 = -c, 0 = -44*c + 40*c - 3*x + 95816. Is c composite?
False
Let w(l) = 56*l**3 + l**2 - 5. Is w(4) a composite number?
True
Is -2 - 3/3 - -694 a composite number?
False
Let w(s) = s**2 - 4*s + 2 - 3*s + 6*s. Suppose -4*v - 38 = 10. Is w(v) prime?
False
Let i = -6150 - -19367. Is i a composite number?
False
Let m be (2/(4/(-6)))/((-3)/51). Suppose 5524 = 55*q - m*q. Is q a prime number?
True
Suppose 4*g - 2*f - 2 = 0, -5*g - 3*f = 8 - 38. Suppose -5*t - 313 = -g*k - 1793, -4*k = 3*t - 859. Is t prime?
True
Let d = 78723 + -48218. Is d composite?
True
Is (-10)/(-2) - 11 - -4837 composite?
False
Suppose -2*n + 8206 = 9*m - 11*m, -4*n + 16409 = -5*m. Is n prime?
False
Let b(t) = t**2 - 4*t - 8. Let j be b(6). Suppose j*o + 160 = 5*z, 33 = 2*z + 2*o - 49. Let x = z + 53. Is x prime?
True
Let f be (-2 - 0) + -2 + 6. Is 2694/(-3)*(-1)/f a composite number?
False
Suppose 3*f - 1703 = 4873. Is f + (-2)/((-6)/(-3)) a prime number?
False
Let q(a) = 5457*a + 44. Is q(5) composite?
False
Suppose 165*x - 162*x - 6186 = 0. Is x a composite number?
True
Let j = -319 + 1317. Is j a composite number?
True
Suppose -32*q + 13*q + 63821 = 0. Is q composite?
False
Is (-57)/570 + 10062/20 composite?
False
Suppose 2*m = 28 - 66. Let b(y) = 13*y + 2. Let i be b(4). Let v = i + m. Is v composite?
True
Let j(x) = -11*x**3 - 2*x**2 + 2*x - 101. Let v(m) = 5*m**3 + m**2 - m + 50. Let p(q) = -6*j(q) - 13*v(q). Let l be p(0). Is l*((-2)/8 - 3) a composite number?
True
Let q = 30 + -27. Suppose 0 = -q*v + 5*x + 1233 + 405, -4*v + 3*x = -2173. Is v a prime number?
True
Suppose 5654 - 47874 = -4*r. Is r composite?
True
Suppose -54*l + 457474 + 88844 = 0. Is l a composite number?
True
Let x = 604 + -1072. Let c = x + 911. Is c a composite number?
False
Suppose 2856 = 4*l - 396. Let f = -805 + 809. Suppose f*w = -217 + l. Is w prime?
True
Let r = -5272 - -7491. Is r prime?
False
Let x(d) = -d**3 + 19*d**2 - 6*d - 15. Is x(-6) a prime number?
False
Is (-46128)/(-10) - (-42)/210 prime?
False
Let d(b) = -231*b**2 - 3*b + 2. Let r be d(-6). Let t be 20/50 - r/10. Let k = -287 + t. Is k a composite number?
True
Suppose 6 = 5*z - 14. Let c = z - -4. Is (1*-46)/(6 - c) composite?
False
Suppose -3 = -2*x + 25. Let c be 954/x + 5/(-35). Let r = -31 + c. Is r a prime number?
True
Let j(k) = -5*k**2 + 5*k + 13. Let s be j(-12). Let v = 355 + s. Let f = -209 - v. Is f a composite number?
True
Let d(y) = 20*y**2 - y + 1. Let k be ((-25)/(-10))/(-5)*-4. Is d(k) a prime number?
True
Suppose -9*m + 13459 = 4108. Is m a prime number?
True
Suppose 5*u + 3*c + 27 = 0, -2*u + 7 = -4*u - 5*c. Let f = -48 - u. Is (628/8)/((-3)/f) a composite number?
True
Is (-4)/12*(-221123 + 24/(-6)) composite?
False
Let o(p) = 9*p**2 + 8*p + 5. Let z be o(-6). Suppose z = 2*f - g - 46, 5*g + 820 = 5*f. Is f composite?
False
Let q(m) = 57251 + 0*m**2 + 6*m - 57248 + 17*m**2. Suppose -5*z - 3*p + 2*p = 23, 4*z = 5*p - 1. Is q(z) prime?
True
Let m = -27 - -30. Suppose 5*t - 413 = 4*x + 2*t, -4*x - 419 = m*t. Let w = x + 397. Is w composite?
False
Let b = -381 + 1978. Is b a prime number?
True
Let c = 636 + -379. Let j = 462 - c. Is j composite?
True
Let b(v) = -370*v + 12. Let j be b(2). Let y = j + 1681. Is y composite?
False
Let v(o) = -o**3 - o**2 + o + 631. Let k be 7/(14/4) + -2. Is v(k) a prime number?
True
Let d(w) = 19908*w + 1009. Is d(4) prime?
False
Let u(b) = 19*b**2 - 2*b + 1. Let t be u(1). Suppose -5*v + 167 - 45 = 2*n, 5*n - 3*v - 305 = 0. Let k = n + t. Is k a composite number?
False
Let s(b) = -7*b**3 + 8*b**2 + 7*b - 5. Let h(k) = -8*k**3 + 8*k**2 + 6*k - 4. Let q(v) = -6*h(v) + 5*s(v). Is q(6) a prime number?
False
Let v be ((-70)/25)/7 - 44/(-10). Suppose 2*p - 2035 = -5*g - 0*g, -2*p - 1646 = -v*g. Is g composite?
False
Suppose 4*r + 2095 = 3*u, 2802 = -0*u + 4*u - r. Is u a composite number?
False
Let i(z) = z**2 - 8*z - 4. Let m be 54/9 - 2*-1. Let c be i(m). Is 588/16 + (-1)/c a composite number?
False
Let u be 4 - 5 - (1 - 8). Let s(a) = a**3 - 5*a**2 - 5*a - 8. Let g be s(u). Is -1 - 41*8/g composite?
False
Let k(x) = -7481*x - 5. Is k(-2) a prime number?
True
Suppose 4*s - 20908 = -32*z + 33*z, -26135 = -5*s + 5*z. Is s a prime number?
True
Suppose 2*o + 3*j = 1495, -9*o - 752 = -10*o - 3*j. Is o a prime number?
True
Let i be (3 - -1)*7/(-7). Let j(n) = 41*n**2 - 9. Is j(i) a prime number?
True
Let d(c) = 170*c**2 + 9*c + 48. Is d(13) prime?
False
Suppose -4*v = -3*k + 8, -12*k + v + 7 = -10*k. Suppose -4*q = -3*z + k*z - 17064, 5*z - 12815 = -3*q. Is q a prime number?
False
Let j(y) = -y**2 + 10*y + 7. Let c be j(7). Is (-7)/(c/8)*(-157)/2 prime?
True
Let b = -1090 + 5949. Is b composite?
True
Let b(a) = a + 13. Let o be b(13). Suppose o*g - 24*g = 5114. Is g a prime number?
True
Let r(p) = p - 4. Let w be r(5). Let a(y) = -20*y + w - 11*y - y**2 + 15*y. Is a(-12) a prime number?
False
Let y be (8/6)/((-5)/(-15)). Suppose 176 = y*m - 284. Suppose -3*i + m = -62. Is i prime?
True
Suppose m = -3*m + 16. Suppose m*j + 8 + 0 = 0. Is (15/j)/((-4)/8) prime?
False
Let f(t) = 16*t**3 + 7*t**2 - 32*t - 46. Is f(15) a composite number?
False
Let y = -28067 + 46108. Is y composite?
False
Let c(f) = 11*f**2 + 2. Is c(-7) a prime number?
True
Let f = 19 - 14. Let x(z) = 5*z**3 - 5*z**2 - 13*z + 12. Is x(f) prime?
False
Let x = -8 + 10. Let f(g) = 4 + 2 - 3*g**2 + 3*g**2 + g**x. Is f(0) composite?
True
Suppose 0 = 3*y + 18 - 57. Let l(a) = -a**3 + 25*a**2 - 12*a - 11. Is l(y) composite?
False
Suppose -5*x + 67390 = -96325. Is x prime?
False
Suppose -29*u + 24*u = -17965. Is u a prime number?
True
Let n(z) = -z**2 - 18*z + 40. Let k be n(-20). Is 2/3 + ((-5277)/(-9) - k) a prime number?
True
Let m(i) be the third derivative of i**4/12 - 3*i**3/2 + 2*i**2. Is m(9) a composite number?
True
Let k be (4/8)/((-4)/(-16)). Suppose k*y = -2*p - y + 3815, 2*y = -10. Is p composite?
True
Let c be 18480/(-22) - (1 - 1)*1. Is (-6)/12 - 7/(-2) - c a prime number?
False
Let f = 50 + -43. Is (f/3 + -2)/((-5)/(-2865)) prime?
True
Suppose 0 = -f - 3*l - 4 + 11, -5*f + 2*l = 33. Is (-3)/((75/895)/f) prime?
True
Suppose -2*m = -t - 1832, 1252 + 2400 = 4*m + t. Suppose 5*b = m + 386. Suppose -h = 66 - b. Is h a composite number?
True
Suppose -a - 2*q + 35 = 0, 2*a + 2*q = 28 + 34. Let s be 2/(-3) - (-315)/a. Suppose s*z = 6*z + 395. Is z composite?
False
Suppose 29*y - 1188 = 25*y. Suppose y = 6*f - 177. Is f composite?
False
Let a(d) = d**3 + 3*d**2 - 3*d - 1. Let t be a(